36485. Is g composite?
False
Let r(b) be the first derivative of -61*b**2/2 + 53*b + 23. Let q be r(-15). Suppose q = 3*g + y, -5*g + 3*g - y + 645 = 0. Is g composite?
True
Suppose -7*b - 16 = 2*n - 2*b, 5*n - 5*b + 5 = 0. Let z be 276/10*(-10)/n. Is 13087/z + (-1)/4 a composite number?
True
Is 2152*107 - (153 + -146) a composite number?
False
Is 3/(-9) - (7 + 1302665/(-15)) composite?
False
Let h = 261 - 705. Let j = 929 - h. Is j prime?
True
Let w be ((-36801)/36)/(3/(-16)). Suppose 4*g = -4*c + w, -26*g + 21*g = -c - 6839. Is g a composite number?
False
Suppose -u - 3*u + 55280 = 0. Suppose 4559 = -7*a + u. Is (-2)/(-5) + (0 - a/(-5)) a composite number?
True
Let y(i) be the first derivative of -i**4/4 - 7*i**3 + i**2 + 36*i + 16. Let b be y(-21). Let v(t) = -104*t + 49. Is v(b) prime?
True
Suppose -22*j + 18*j + 20 = 0, -4*j - 1171561 = -3*q. Is q composite?
False
Let m(y) = -196*y**3 - 14*y**2 - 2*y - 6. Let d be m(-4). Suppose -l = -3*x + 12319, -x - 2*x + 4*l = -d. Is x a prime number?
False
Suppose -2*q + 2*x = -x - 3, 5*q - 2*x - 2 = 0. Let s = -154 - -157. Suppose -s*c - c - 860 = -4*h, q = -4*h - 5*c + 824. Is h composite?
False
Let h(j) = 51*j + 43. Let d(y) = -4*y + 20. Let l be d(0). Suppose -4*b = 2*p - 36, -2*p + l = 3*b - 11. Is h(p) composite?
True
Suppose -23*q = -20*q + 3*m - 3523776, 180 = -20*m. Is q composite?
False
Suppose 2*p + 5*h + 35 = 0, p = -17*h + 15*h - 17. Let v(n) = -37*n - 146. Is v(p) a composite number?
False
Suppose 0*y - 4*y - 4*w = -40, -3*y = 2*w - 32. Suppose y*b - 22*b + 96670 = 0. Is b prime?
False
Is (-2 - (5 + -8))/(5782836/1156566 + -5) composite?
True
Let r = 29162 + 67955. Is r a composite number?
False
Let y(n) = 0*n**3 + 8 + 19*n**2 + n**3 + 5 + 19 - 9. Suppose 3*f - 3*m - 71 = 8*f, 4*f + 2*m + 56 = 0. Is y(f) composite?
True
Is 3*-1*(-60)/(-45) + 96701 composite?
False
Let i = 2906 + -1565. Suppose -3*p + i = m - 3*m, 0 = p - m - 446. Is p a composite number?
False
Let m = -107 + 136. Is (30 - m)*(4090 + 1) prime?
True
Let v = -108 - -57. Let s = -46 - v. Suppose -2*l = -s*c - 294, -5*c - 137 = 2*l - 3*l. Is l prime?
True
Let h(l) = -l**2 - 3*l + 3. Let f be h(3). Let i = -11 - f. Suppose z = 6*z + 5*w - 10790, i*z - 8617 = -w. Is z a prime number?
True
Suppose 174075 + 20337 = 12*h. Is h a composite number?
True
Suppose -2*k = -4*y + 81006, 5*y + 4*k = 89153 + 12111. Suppose 10*q - 1778 = y. Is q a composite number?
False
Let t(n) = -6*n**3 - 2*n**2 - 8*n - 3. Let r(z) = z**3 - 11*z**2 - 25*z - 7. Let a be r(13). Suppose a*u + 16 = 2*u. Is t(u) a prime number?
False
Let t = -564646 + 897110. Is (-38)/285 + -1 + t/30 composite?
True
Suppose 5*x - 4*x + 25 = -3*y, 0 = -4*y + 5*x - 27. Let k(d) = 20*d**2 - 6*d - 13. Let p be k(y). Suppose 40447 + p = 14*z. Is z composite?
True
Suppose -5*v - 4*b = -364435, -3*v = b - 245460 + 26799. Is v composite?
True
Suppose 3*r = -k + 7106, 4*k - 24*r - 28469 = -27*r. Is k composite?
False
Let q(h) = -617*h**3 - 7*h**2 - 5*h + 19. Is q(-6) prime?
True
Suppose 448766 = 4*u - 5*b - 91831, -3*u - 4*b + 405409 = 0. Is u composite?
True
Is 147/(-196)*(50065/(-3) - 1) a prime number?
True
Let j(w) = 3769*w - 3133. Is j(8) a composite number?
True
Is (2305 - 0)*143 - (45 - 41) composite?
True
Let g be -1 - (-2 - -108*56). Let j = g + 11562. Is j a composite number?
True
Let a = 165 - 162. Is 144452/35 + (a - (-48)/(-15)) a prime number?
True
Suppose -6*f - 69443 = -17*f. Is f composite?
True
Suppose 0 = -4*r + 3*y + 167465, 12 + 8 = 4*y. Suppose 95*m + r = 105*m. Is m composite?
True
Suppose 10*o - 84 = -4*o. Suppose -l = o*m - m - 2481, m + 12509 = 5*l. Suppose 0 = 2*w - l - 821. Is w a composite number?
True
Suppose 28 + 93 = 11*t. Suppose a - 5 = -w, 0 = 2*a + 3*w - t. Suppose 1140 = -a*g + 13792. Is g a composite number?
False
Suppose 0*h - 5586 = -3*h. Let n = 3340 - h. Let f = -493 + n. Is f a prime number?
False
Let y(x) = -x**3 + 15*x**2 + 12*x - 47. Let s(v) = -34*v - 122. Let f be s(-4). Is y(f) composite?
False
Suppose -2*c + 8425 = -a + 28360, -4*c = -3*a + 59807. Is a composite?
False
Suppose -49*w + 7059 = -36*w. Suppose 0 = 4*n - 2579 + w. Is n a prime number?
True
Let l(r) = 181*r**2 - 146*r - 1331. Is l(-10) prime?
True
Is (-1 + 1)/1 - (-622663 + 6) prime?
False
Let m(h) = -20*h**3 - 2*h - 2. Suppose -2*t = 2*w - 4, 0*t + 18 = -3*t + 3*w. Let r be m(t). Let j = r + -53. Is j composite?
False
Suppose 204*u = 18503880 + 61251756. Is u prime?
True
Let w = -5982 - -15895. Is w a composite number?
True
Suppose -69*o + 1902999 = -586728. Is o composite?
False
Let u be -10*(-135 + 1) - (5 + -2). Let q(p) = -p + 11. Let j be q(6). Suppose -2*n + u = j*n. Is n composite?
False
Let k = -376 - -381. Suppose -3*n + 664 = s + 252, 2*s - k*n = 769. Is s a composite number?
False
Is ((-1678302)/(-21))/(13 + 979/(-77)) a prime number?
False
Let w = 522299 - 269832. Is w a prime number?
False
Is (-37 - -862742) + (2 - (-16)/(-12))*-3 composite?
False
Let g(w) = 26847*w + 253. Is g(4) composite?
False
Let s = 290857 - -3752844. Is s a composite number?
False
Let l(y) = 9 - 17 + 7 - 5199*y + 14. Let k be l(-3). Let x = -10065 + k. Is x prime?
False
Let y(v) = 5*v + 4. Let c be y(-5). Let l = c + 23. Suppose -r = -l*r + 89. Is r prime?
True
Suppose 5*u - 3*d + 22365 = 0, -2205 - 11208 = 3*u - 3*d. Let p = u + 7397. Is p composite?
True
Let j = 360 + 229. Let m = -254 + j. Is m prime?
False
Suppose 5*h + 3*q = 5606, 3*h = -2*h - 4*q + 5603. Suppose 4*g + 5*c - 4509 = 0, 8*g + 3*c + h = 9*g. Is g prime?
False
Suppose -3*q - 12 = -0*q, 5*c + 23 = -2*q. Let y be (-8 - (-8 - c)) + 5. Suppose 2*t - y*a - 256 = 0, 5*t = -5*a + 210 + 420. Is t composite?
False
Let j(b) = -b - 13. Suppose -2*t - 12 = 6. Let n be j(t). Is 12/n - (-678 - 2) a composite number?
False
Let n = 2389155 + -1314353. Is n a prime number?
False
Let g be -1*(1*4 - 75/25). Let c(s) = -5128*s**3 - 2*s**2 + 5*s + 6. Is c(g) composite?
True
Let i = 93 - 108. Let f(p) = -23*p - 22. Is f(i) prime?
False
Suppose 3*c + 8*c = 474122. Suppose -4*x + 112666 = 3*v + 26447, 4*v - c = -2*x. Is x prime?
True
Let p(g) be the first derivative of -g**3/3 - 37*g**2/2 + 33*g - 3. Let u be (2/6)/((-20)/1200). Is p(u) prime?
True
Is 1/(103065/25765 + -4) a composite number?
False
Let q(y) = -7*y - 216. Let l be q(-32). Suppose 0 = l*f - 7533 + 1285. Is f a prime number?
False
Let k = -490836 + 772345. Is k prime?
True
Suppose -91*g - 13*g - 49*g = -36820215. Is g a composite number?
True
Suppose 12*n = -154*n + 5775638. Is n a composite number?
True
Let n be (0 - 20)/((6 - 4) + -3). Suppose -4*m + 2*x + n = -4, -m - 4*x = -15. Is ((-4)/(-16))/(((-7)/(-6548))/m) a prime number?
True
Let t = 20 - 14. Suppose t*g - 32840 = -2*g. Is g a prime number?
False
Let b = -1104 + 764. Let c = 515 + b. Is (1 - 3 - -4) + c prime?
False
Let g(m) = 23*m**2 - 5*m + 4. Let u be g(6). Let l = u - 429. Let a = l + -162. Is a prime?
True
Let a(f) = 2*f**3 + 72*f**2 + 65*f + 27. Let q(g) = -2*g**2 - 69*g + 76. Let d be q(-36). Is a(d) prime?
False
Suppose 0 = 7*h + 4*h - 33. Suppose h*u + 3210 = 9*u. Is u prime?
False
Suppose -78*c + 10952 = -32260. Is c prime?
False
Let p = -163383 - -792844. Is p composite?
True
Suppose 0 = p + 5*b - 10, p + 3 = b + 1. Suppose 4*v - 4*h = 49372, h + 17414 + 7275 = 2*v. Suppose 4*t - 5*t - v = -2*w, p = 3*t. Is w prime?
True
Let c = -89 - -101. Let p = c + -28. Let d(g) = -89*g - 63. Is d(p) prime?
True
Let u = -41 - -5. Let g be -1933 + (-6)/u + (-11)/(-6). Let a = g + 3340. Is a a prime number?
True
Suppose -2645 = 5*o - 3*t, 5*o + 5*t + 1761 = -884. Let w = 746 + o. Suppose 0 = 4*s - 0*y - 5*y - w, 107 = 2*s - y. Is s a composite number?
False
Let p(l) = -11*l**3 - 13*l**2 - 17*l - 4. Is p(-13) a composite number?
True
Let k be (-5)/((-5)/11) + -2 - -4. Let h = 272 - k. Is h prime?
False
Let o be -2 + (-2 + 86)/4. Suppose -o*g - 18965 = -24*g. Is g composite?
False
Let s = 1554 + -991. Let i be -3 - (-2 + -3 - (-115 - 1)). Let g = s + i. Is g prime?
True
Let a = 976056 - 570655. Is a a composite number?
False
Let x = -200 + 203. Suppose 0 = -x*r - 4*m + m + 5136, 5*m - 5 = 0. Is r a prime number?
False
Let p be (-2)/4 + (-3 - 51/(-6)). Suppose -p*w = -18*w + 65. Suppose 4*t - w = -17, 0 = -2*s - 4*t + 1